is the greatest common factor of 1868 and 18677198?
934
What is the greatest common divisor of 7744 and 92736?
64
Calculate the greatest common factor of 899448 and 13584.
24
What is the greatest common divisor of 59400 and 75400?
200
Calculate the highest common factor of 1627340 and 104676.
572
Calculate the highest common factor of 316776 and 513421.
67
Calculate the greatest common divisor of 632352 and 71328.
96
Calculate the highest common factor of 75645 and 4223.
41
Calculate the highest common factor of 164193520 and 8.
8
What is the highest common factor of 153801 and 1000017?
207
Calculate the highest common divisor of 12 and 6827286.
6
What is the highest common factor of 65137589 and 11?
11
What is the highest common factor of 5177559 and 1206?
201
What is the highest common factor of 78 and 57343650?
78
Calculate the greatest common divisor of 804920052 and 69.
69
Calculate the highest common factor of 75163 and 451.
11
What is the greatest common factor of 29616002 and 824?
206
What is the greatest common factor of 463196 and 7052?
172
Calculate the highest common divisor of 712929 and 12453.
21
Calculate the greatest common divisor of 34168 and 144136.
8
Calculate the highest common divisor of 2759 and 989458.
31
Calculate the greatest common factor of 2156 and 437.
1
Calculate the highest common factor of 47543761 and 313.
313
What is the highest common factor of 450360 and 148035?
2085
What is the greatest common factor of 76 and 1487213372?
76
Calculate the greatest common factor of 235293 and 189847.
733
What is the greatest common divisor of 66470 and 15755?
115
Calculate the greatest common factor of 101673 and 116688.
429
Calculate the greatest common divisor of 14651331 and 2193.
51
What is the greatest common factor of 64285 and 251225?
65
What is the greatest common factor of 27985 and 1146227?
193
What is the greatest common divisor of 14076 and 279879364?
1564
What is the highest common divisor of 1768 and 194840?
8
What is the highest common divisor of 13981634 and 518?
74
Calculate the highest common factor of 901 and 45977129.
901
Calculate the greatest common factor of 51670111 and 1952.
61
Calculate the greatest common divisor of 2993 and 48193286.
2993
Calculate the greatest common divisor of 252614 and 22.
2
Calculate the highest common divisor of 9171165 and 615.
15
What is the greatest common factor of 9939197 and 23?
23
What is the greatest common divisor of 70 and 15929010?
10
What is the greatest common divisor of 52046748 and 156?
156
Calculate the greatest common divisor of 414009 and 6759.
9
What is the greatest common factor of 38883 and 641071?
997
Calculate the highest common factor of 150417 and 107087.
619
What is the greatest common divisor of 11 and 332385713?
11
Calculate the greatest common factor of 442 and 48846304.
442
What is the greatest common divisor of 22061 and 34600133?
1697
What is the greatest common divisor of 2680 and 2377773720?
2680
Calculate the greatest common factor of 8421472 and 96.
32
Calculate the highest common divisor of 43966 and 471380.
26
What is the greatest common divisor of 1583 and 84210851?
1583
Calculate the greatest common divisor of 507 and 1660269.
39
Calculate the greatest common divisor of 1938565 and 24899.
3557
Calculate the highest common divisor of 10240 and 780380.
20
Calculate the greatest common divisor of 6604245 and 595.
85
Calculate the highest common factor of 21216 and 135966.
102
What is the highest common divisor of 30394 and 2702728?
2338
What is the highest common factor of 35 and 1668673405?
35
What is the greatest common divisor of 119903 and 28861?
49
What is the highest common divisor of 320992 and 101696?
224
Calculate the greatest common divisor of 735641 and 153034.
17
What is the highest common factor of 410 and 9941990?
10
What is the highest common divisor of 189960 and 2780?
20
Calculate the greatest common factor of 37107298 and 1278.
142
What is the highest common divisor of 103260 and 110940?
60
What is the greatest common factor of 1008888 and 182880?
3048
Calculate the greatest common factor of 201420 and 1327860.
540
What is the highest common factor of 2672 and 13200?
16
Calculate the highest common factor of 39763361 and 116512.
3641
What is the greatest common divisor of 574 and 12838840?
14
Calculate the greatest common factor of 186 and 5324374.
62
Calculate the highest common factor of 27 and 2167743.
3
What is the greatest common factor of 4819732 and 549?
61
Calculate the greatest common factor of 332344 and 34.
2
Calculate the highest common factor of 2166480 and 360.
360
What is the highest common divisor of 4684220 and 70?
10
Calculate the greatest common divisor of 2606 and 160886622.
2606
What is the highest common factor of 45877 and 5265?
13
Calculate the highest common divisor of 4413461 and 3963.
1321
What is the greatest common divisor of 40704839 and 1715?
343
Calculate the greatest common factor of 1229042 and 100084.
262
Calculate the greatest common divisor of 11873230 and 30.
10
What is the highest common divisor of 171 and 1661512?
19
What is the highest common factor of 194624 and 28?
4
What is the highest common divisor of 880 and 50278448?
176
Calculate the highest common divisor of 118325245 and 25.
5
Calculate the highest common divisor of 5878008 and 4512.
1128
Calculate the greatest common factor of 32 and 65278624.
32
What is the greatest common factor of 50199930 and 6930?
990
What is the highest common factor of 4039466 and 7987?
163
Calculate the highest common divisor of 4383527 and 776.
97
What is the greatest common divisor of 127946 and 1456?
182
What is the greatest common divisor of 218346 and 39864?
906
What is the highest common divisor of 3163398 and 95358?
4146
Calculate the highest common divisor of 893 and 120074049.
47
Calculate the highest common divisor of 600 and 98689350.
150
What is the highest common factor of 615013 and 25956?
721
What is the greatest common divisor of 1780646582 and 5764?
2882
Calculate the highest common factor of 1926128 and 80.
16
What is the greatest common factor of 16480 and 69995504?
1648
What is the highest common divisor of 163834 and 11957174?
1354
What is the highest common divisor of 258 and 922380702?
258
What is the greatest common divisor of 17359986 and 23?
23
What is the greatest common divisor of 163792125 and 7000?
875
What is the highest common divisor of 65856000 and 404544?
9408
Calculate the greatest common factor of 4185188 and 100.
4
What is the highest common factor of 87435 and 409973?
1943
Calculate the greatest common divisor of 1896 and 278520.
24
What is the greatest common divisor of 47451750 and 200?
50
What is the greatest common divisor of 25925181 and 5025?
201
Calculate the greatest common divisor of 2014422 and 692646.
402
Calculate the highest common factor of 32753851 and 20036.
5009
What is the greatest common divisor of 9413547 and 165?
33
Calculate the highest common divisor of 142670 and 11000.
110
Calculate the greatest common divisor of 8832432 and 1344.
336
What is the greatest common divisor of 340260 and 41764?
212
Calculate the highest common factor of 620256 and 4691112.
1704
What is the greatest common factor of 466922 and 1020799?
527
Calculate the greatest common divisor of 64 and 1416728.
8
What is the highest common factor of 135 and 15477855?
15
What is the greatest common divisor of 25184 and 15292984?
6296
What is the greatest common divisor of 3819 and 611781?
57
Calculate the highest common divisor of 41743 and 3787628.
2197
Calculate the greatest common factor of 7839837 and 14859.
1143
Calculate the greatest common factor of 4296432 and 4452.
84
What is the greatest common factor of 27501 and 10848372?
309
What is the highest common factor of 168435 and 4427181?
1773
Calculate the greatest common factor of 104 and 400874.
2
Calculate the highest common divisor of 273 and 535892.
7
What is the highest common factor of 32 and 35733464?
8
Calculate the highest common divisor of 813690 and 180.
90
What is the highest common factor of 209510 and 35?
35
What is the greatest common factor of 3442268 and 532?
76
What is the greatest common divisor of 64 and 2208352?
32
Calculate the greatest